{"id":34,"date":"2023-06-21T23:30:12","date_gmt":"2023-06-21T23:30:12","guid":{"rendered":"https:\/\/satorijujutsu.com\/?page_id=34"},"modified":"2024-10-15T11:03:01","modified_gmt":"2024-10-15T11:03:01","slug":"historia","status":"publish","type":"page","link":"https:\/\/satorijujutsu.com\/?page_id=34","title":{"rendered":"Historia"},"content":{"rendered":"\n<p><\/p>\n\n\n\n<h1 class=\"wp-block-heading\">Qu\u00e9 es el Ju Jutsu<\/h1>\n\n\n\n<div class=\"wp-block-group has-medium-font-size is-layout-constrained wp-block-group-is-layout-constrained\">\n<figure class=\"wp-block-image alignleft size-full\"><img loading=\"lazy\" decoding=\"async\" width=\"266\" height=\"390\" src=\"https:\/\/satorijujutsu.com\/wp-content\/uploads\/2023\/07\/Captura-de-Pantalla-2023-07-04-a-las-20.20.30.png\" alt=\"\" class=\"wp-image-82\" srcset=\"https:\/\/satorijujutsu.com\/wp-content\/uploads\/2023\/07\/Captura-de-Pantalla-2023-07-04-a-las-20.20.30.png 266w, https:\/\/satorijujutsu.com\/wp-content\/uploads\/2023\/07\/Captura-de-Pantalla-2023-07-04-a-las-20.20.30-205x300.png 205w\" sizes=\"(max-width: 266px) 100vw, 266px\" \/><\/figure>\n\n\n\n<p><strong>Ju Jutsu<\/strong>, cuya traducci\u00f3n del japon\u00e9s al espa\u00f1ol podr\u00eda ser <strong>\u00abT\u00e9cnica de la suavidad\u00bb<\/strong>, es un&nbsp;arte marcial&nbsp;japon\u00e9s&nbsp;cl\u00e1sico, que abarca una gran variedad de <strong>sistemas de defensa contra agresiones<\/strong>.<br>Son antiqu\u00edsimas t\u00e9cnicas de combate elaboradas en <strong>Jap\u00f3n<\/strong> por los <strong>bushi<\/strong> (guerreros) a partir de la \u00e9poca Kamakura (1185 &#8211; 1333) para que los <strong>guerreros desarmados<\/strong> pudieran defenderse incluso ante un adversario armado. <\/p>\n\n\n\n<p>A lo largo de los siglos se desarrollaron multitud de escuelas que fueron mejorando las t\u00e9cnicas primitivas.<br>Siendo el principio fundamental del Ju-Jutsu vencer al adversario por todos los medios disponibles, utilizando el m\u00ednimo de fuerza disponible. Para ello exig\u00eda a sus adeptos atenerse a diversas disciplinas.<\/p>\n\n\n\n<ul>\n<li>Saber <strong>juzgar<\/strong> la <strong>fuerza<\/strong> del adversario y <strong>utilizarla contra \u00e9l<\/strong>.<\/li>\n\n\n\n<li>Si fuera posible <strong>esquivar<\/strong> sus <strong>golpes<\/strong>.<\/li>\n\n\n\n<li><strong>Desequilibrar<\/strong> al contrincante durante el combate.<\/li>\n\n\n\n<li>Saber <strong>voltearle<\/strong> utilizando la <strong>ley de la palanca<\/strong>. (Proyecciones)<\/li>\n\n\n\n<li>Saber <strong>inmovilizarles<\/strong>, <strong>luxar<\/strong> sus <strong>articulaciones<\/strong>, <strong>estrangul\u00e1ndoles<\/strong>,<br>incluso en el suelo.<\/li>\n\n\n\n<li>Saber <strong>golpearle<\/strong> en los <strong>puntos d\u00e9biles<\/strong> de forma que se lesionara<br>seriamente o que perdiera el conocimiento.<br>En la \u00e9poca de hoy este arte marcial se ha convertido como uno de los m\u00e1s<br>eficientes en caso de su uso como defensa personal.<\/li>\n<\/ul>\n\n\n\n<h1 class=\"wp-block-heading\">Satori<\/h1>\n\n\n\n<figure class=\"wp-block-image alignleft size-full\"><img loading=\"lazy\" decoding=\"async\" width=\"346\" height=\"318\" src=\"https:\/\/satorijujutsu.com\/wp-content\/uploads\/2023\/07\/Captura-de-Pantalla-2023-07-04-a-las-20.27.40.png\" alt=\"\" class=\"wp-image-84\" srcset=\"https:\/\/satorijujutsu.com\/wp-content\/uploads\/2023\/07\/Captura-de-Pantalla-2023-07-04-a-las-20.27.40.png 346w, https:\/\/satorijujutsu.com\/wp-content\/uploads\/2023\/07\/Captura-de-Pantalla-2023-07-04-a-las-20.27.40-300x276.png 300w\" sizes=\"(max-width: 346px) 100vw, 346px\" \/><\/figure>\n\n\n\n<p class=\"has-medium-font-size\">(<strong>Apertura del esp\u00edritu y del pensamiento<\/strong>)<br><strong>Satori<\/strong>, es un t\u00e9rmino japon\u00e9s del <strong>budismo zen<\/strong> que significa <strong><em>la iluminaci\u00f3n<\/em><\/strong>, esto se puede conseguir:<br>Bien por <strong>acumulaci\u00f3n de conocimientos<\/strong> o por su <strong>comprensi\u00f3n intuitiva<\/strong> o por una <strong>experiencia s\u00fabita<\/strong>.<br>El&nbsp;Satori&nbsp;puede llegar a ser posible para un gran n\u00famero de personas porque, a veces, no requiere de ninguna preparaci\u00f3n. A veces ocurre por casualidad, lo crea la situaci\u00f3n. <\/p>\n\n\n\n<p class=\"has-medium-font-size\">Hay mucha gente que no sabe lo que es.<br>Puede que no lo conozcan como&nbsp;<strong>Satori<\/strong>, puede que no lo hayan interpretado<br>como&nbsp;Satori, pero lo han conocido.<br>&nbsp;En el arte marcial, el Satori se podr\u00eda describir como un <strong><em>estado de armon\u00eda<br>entre el cuerpo, la mente y el esp\u00edritu<\/em><\/strong>.<\/p>\n\n\n\n<p><\/p>\n\n\n\n<h1 class=\"wp-block-heading\">Estilo SATORI JU-JUTSU<\/h1>\n\n\n\n<figure class=\"wp-block-image alignleft size-full\"><img loading=\"lazy\" decoding=\"async\" width=\"366\" height=\"374\" src=\"http:\/\/satorijujutsu.com\/wp-content\/uploads\/2023\/07\/Captura-de-Pantalla-2023-07-04-a-las-20.26.15.png\" alt=\"\" class=\"wp-image-83\" srcset=\"https:\/\/satorijujutsu.com\/wp-content\/uploads\/2023\/07\/Captura-de-Pantalla-2023-07-04-a-las-20.26.15.png 366w, https:\/\/satorijujutsu.com\/wp-content\/uploads\/2023\/07\/Captura-de-Pantalla-2023-07-04-a-las-20.26.15-294x300.png 294w\" sizes=\"(max-width: 366px) 100vw, 366px\" \/><\/figure>\n\n\n\n<p>Sus t\u00e9cnicas se codifican para un <strong>l\u00f3gico y f\u00e1cil aprendizaje<\/strong>, a la vez de maximizar su sentido pr\u00e1ctico y de eficacia hacia las condiciones y forma de vida de hoy en d\u00eda. Intentando que sus practicantes a\u00fanen facetas tan variadas como:<\/p>\n\n\n\n<p>La <strong>cortes\u00eda<\/strong>, el <strong>respeto<\/strong>, la <strong>belleza del gesto<\/strong>, la <strong>t\u00e9cnica pura<\/strong>, as\u00ed como la <strong>flexibilidad mental<\/strong>, al igual que el <strong>desarrollo armonioso de su personalidad<\/strong>.<br>La base principal de nuestro estilo son:<br><em><strong>Las esquivas y el desequilibrio del adversario<\/strong><\/em>.<\/p>\n\n\n\n<p><br>Adem\u00e1s, nuestra ejecuci\u00f3n t\u00e9cnica se basa en 4 puntos principales.<\/p>\n\n\n\n<ol>\n<li><strong>Eficacia<\/strong>: La t\u00e9cnica de ser lo m\u00e1s efectiva posible para que<br>cumpla su prop\u00f3sito.<\/li>\n\n\n\n<li><strong>Contundencia<\/strong>: Para que la t\u00e9cnica se efect\u00fae solo una vez.<\/li>\n\n\n\n<li><strong>Proporcionada<\/strong>: La t\u00e9cnica a de ser adecuada a la intensidad y situaci\u00f3n del ataque, adem\u00e1s de respetar en lo posible la integridad f\u00edsica del agresor.<\/li>\n\n\n\n<li><strong>Armon\u00eda<\/strong>: Para que los movimientos sean a su vez bellos y din\u00e1micos.<\/li>\n<\/ol>\n<\/div>\n\n\n\n<p class=\"has-medium-font-size\">Para ello nuestros practicantes realizan el estudio de:<br>&#8211; <strong>T\u00e9cnica B\u00e1sica<\/strong>. (Kihon Dosa).<br>&#8211; <strong>T\u00e9cnica Fundamental<\/strong>. (Kihon waza).<br>&#8211; <strong>T\u00e9cnica Aplicada<\/strong>. (Oyo dosa).<br>&#8211; <strong>T\u00e9cnica de Defensa Personal<\/strong>.<br>&#8211; <strong>Etiqueta<\/strong>. (Rei ho).<br>&#8211; <strong>Estudio de Budo<\/strong>.<br>&#8211; <strong>Katas<\/strong>.<br>Este estilo se podr\u00eda considerar como un <strong>Ju Jutsu moderno<\/strong>, pero sus<br>t\u00e9cnicas provienen de estilos tradicionales como Daito-Ryu Aikijujutsu, Yoshin-ryu jujutsu, Yoseikan, o de estilos m\u00e1s modernos como pudieran ser el Nihon Tai Jitsu.<br>Hoy en d\u00eda, nuestro estilo est\u00e1 reconocido en el seno de la <strong>Jiu Jitsu Internacional<\/strong> y la <strong>Yoshinkan Intenacional.<\/strong><\/p>\n","protected":false},"excerpt":{"rendered":"<p>Qu\u00e9 es el Ju Jutsu Ju Jutsu, cuya traducci\u00f3n del japon\u00e9s al espa\u00f1ol podr\u00eda ser \u00abT\u00e9cnica de la suavidad\u00bb, es un&nbsp;arte marcial&nbsp;japon\u00e9s&nbsp;cl\u00e1sico, que abarca una gran variedad de sistemas de defensa contra agresiones.Son antiqu\u00edsimas t\u00e9cnicas de combate elaboradas en Jap\u00f3n por los bushi (guerreros) a partir de la \u00e9poca Kamakura (1185 &#8211; 1333) para que [&hellip;]<\/p>\n","protected":false},"author":1,"featured_media":0,"parent":0,"menu_order":0,"comment_status":"closed","ping_status":"closed","template":"","meta":{"site-container-style":"default","site-container-layout":"default","site-sidebar-layout":"default","disable-article-header":"default","disable-site-header":"default","disable-site-footer":"default","disable-content-area-spacing":"default","footnotes":""},"_links":{"self":[{"href":"https:\/\/satorijujutsu.com\/index.php?rest_route=\/wp\/v2\/pages\/34"}],"collection":[{"href":"https:\/\/satorijujutsu.com\/index.php?rest_route=\/wp\/v2\/pages"}],"about":[{"href":"https:\/\/satorijujutsu.com\/index.php?rest_route=\/wp\/v2\/types\/page"}],"author":[{"embeddable":true,"href":"https:\/\/satorijujutsu.com\/index.php?rest_route=\/wp\/v2\/users\/1"}],"replies":[{"embeddable":true,"href":"https:\/\/satorijujutsu.com\/index.php?rest_route=%2Fwp%2Fv2%2Fcomments&post=34"}],"version-history":[{"count":5,"href":"https:\/\/satorijujutsu.com\/index.php?rest_route=\/wp\/v2\/pages\/34\/revisions"}],"predecessor-version":[{"id":283,"href":"https:\/\/satorijujutsu.com\/index.php?rest_route=\/wp\/v2\/pages\/34\/revisions\/283"}],"wp:attachment":[{"href":"https:\/\/satorijujutsu.com\/index.php?rest_route=%2Fwp%2Fv2%2Fmedia&parent=34"}],"curies":[{"name":"wp","href":"https:\/\/api.w.org\/{rel}","templated":true}]}}